me factors of t?
13
Let f(r) be the first derivative of -6*r**2 + 14*r + 5. What are the prime factors of f(-5)?
2, 37
Let u be 2 + -12 + 0 - -2. Let n be (2 + u)*(-3)/6. What are the prime factors of 6/(((-9)/(-2))/n)?
2
Let g = 96 + -55. Let z = g + -24. Let q = z - -40. What are the prime factors of q?
3, 19
Let s(n) = -202*n - 37. List the prime factors of s(-3).
569
Let y = -7 + 6. Let t = y + -5. Let d = t + 31. What are the prime factors of d?
5
Suppose 0 = -2*g + f + 46, 3 = -g + 4*f + 19. Let x = g + -16. Suppose -2*n + 18 = 2*k, 0 = -5*n - 3*k + x*k + 85. List the prime factors of n.
13
Let x(c) = -26*c**2 + 8*c - 4. Let r be x(3). Let j = r - -301. List the prime factors of j.
3, 29
Let p(k) = 2*k**2 + 4. Suppose -3*o = 4 + 2. Let n be -3 + (2 - 0) + o. What are the prime factors of p(n)?
2, 11
Suppose 99*p - 177855 = 28*p. What are the prime factors of p?
3, 5, 167
Let c(w) = -w**3 - w**2 + 2*w + 12. Let z be c(0). What are the prime factors of (-6)/9 - ((-920)/z + 4)?
2, 3
Suppose -2*g = q + 29, q + 36 + 23 = -4*g. Let f = -13 - g. List the prime factors of -5*21*f/(-15).
2, 7
Suppose h + 32 = 3*h. Suppose h*k = 12*k + 36. List the prime factors of k.
3
Suppose -7 = -2*i + 1. Let t(f) = -f - 1. Let z(d) = -d + 6. Let x(l) = -6*t(l) - 2*z(l). List the prime factors of x(i).
2, 13
Let i(v) = -10*v - 5. Let h be i(3). Let n = 19 - h. List the prime factors of n.
2, 3
Let f = 104 - 67. Let s = 102 - f. What are the prime factors of s?
5, 13
Suppose 4*h - 1073 = 5*v, -h = 4*h - 3*v - 1351. Let p = h + -176. List the prime factors of p.
2, 3
Let u = 23 + -13. Suppose -3*i - u = -2*i. List the prime factors of 2/i - (-112)/10.
11
Let g(f) = -f**3 + 7*f**2 + 3*f - 10. Suppose -3*m + 7*m - 28 = 0. What are the prime factors of g(m)?
11
Suppose 306 = 21*o - 3*o. List the prime factors of o.
17
Let w(c) = -11*c + 6. Let k be w(4). Let t = k - -184. What are the prime factors of t?
2, 73
Let o(m) = m**2 - 9*m + 3. Let k be o(9). Suppose k*y - 24 = -h + 6, 4*y + h - 39 = 0. Let s = y + 19. List the prime factors of s.
2, 7
Suppose 7676 = 4*j + q - 2*q, -1898 = -j - 5*q. What are the prime factors of j?
2, 7, 137
Suppose 5*n + 0*n + 10 = 0. Let h(a) = 2*a**3 - a - 1. Let j be h(n). List the prime factors of (-85)/2*12/j.
2, 17
Let c = 43 + -74. Let a = -6 - c. List the prime factors of a.
5
Let g be (0 + -1)/((-6)/(-18)). Let o be (-1)/g + 577/(-3). What are the prime factors of 5*(-1 + o/(-20))?
43
Let y(m) = 0*m + 9 + m**2 - 2 - 3 - 2*m. List the prime factors of y(-8).
2, 3, 7
Suppose 16*p - 12*p + 84 = 0. Let m = p - -149. List the prime factors of m.
2
Let k = -7 + 14. Let i = 12 - k. Suppose 16 - 161 = -i*o. What are the prime factors of o?
29
Let u be (-8)/(-44) + 31/11. Suppose i + 4 = -5*h, -h - u - 2 = 0. Suppose -3*x + 1 = 2*c + 8, -4*c + x = -i. What are the prime factors of c?
2
Suppose x = -5*n + 9035, 4*n + 4*x - 2021 = 5191. What are the prime factors of n?
2, 113
List the prime factors of 34*(18/(-21))/(5/(-70)).
2, 3, 17
Suppose 0 = 3*r + 3*u - 273 - 201, 5*u - 5 = 0. What are the prime factors of r?
157
Let q(v) = v**3 + 4*v**2 - v + 1. Let k be -2 + (0/(-16) - 2*1). List the prime factors of q(k).
5
Suppose 0 = -4*j + 2*p + 25158 - 6532, -j + 4655 = -p. List the prime factors of j.
2, 17, 137
Let k(r) = 5*r**2 + 52*r + 155. What are the prime factors of k(-34)?
3, 463
Let o be 0/(2/1*1). Suppose o = -r - 6*r + 427. What are the prime factors of r?
61
Let d be (-34)/(1/(-110)*(-15)/18). List the prime factors of d/(-15) - 5/25.
13, 23
Suppose 0 = 3*t + 2*t - 225. Suppose -y + 0*y + t = 0. Let q = y + -23. What are the prime factors of q?
2, 11
Let n(k) = k**3 + 3*k**2 + k + 179. Suppose 4*r - 5 = -5*h, -2*r - 2 = -3*h + 1. What are the prime factors of n(r)?
179
Let s(o) = -o**3 + 2*o**2 - o - 2. Let l be s(-5). Suppose 4*a + 4*m + 155 = 499, -2*a - 5*m + l = 0. What are the prime factors of a?
2, 3, 7
Suppose -5*d - i = 4*i - 190, 4*d - 2*i = 164. Let y = -56 + d. List the prime factors of (y/(-6))/(3/9).
2
Let c be ((-4)/(-5))/((-268)/45 - -6). Let g = c - -5. List the prime factors of g.
23
Let v(h) = 5 - h + 1 - 6*h. Let y be v(-7). Suppose -3*o - y = -8*o. What are the prime factors of o?
11
Suppose -217*t + 233*t = 26640. What are the prime factors of t?
3, 5, 37
Suppose 41*r = 35626 - 7418. List the prime factors of r.
2, 43
Suppose -5*v = -f - 25, -2*v - f - 3*f - 12 = 0. Suppose -6*i = -v*i. Suppose i*y + 111 = 3*y. What are the prime factors of y?
37
Suppose 0 = 5*o - 68 + 328. Let r = o + 243. What are the prime factors of r?
191
Let p(b) = -2*b - 14. Suppose n - 5 = -0*n. Let v = -15 + n. What are the prime factors of p(v)?
2, 3
Suppose 25 = 4*k - 5*h, 4*h - 3*h = -4*k + 43. List the prime factors of 58/87 - k*(-20)/6.
2, 17
Suppose -6*k = -4*a - 9*k + 10852, 3*a = 2*k + 8122. What are the prime factors of a?
2, 5, 271
Let d(r) = -18*r - 148. List the prime factors of d(-14).
2, 13
Let a(o) = 20*o**3 - o**2 - 9*o**3 - o - 12*o**3 - 1. Let t be a(-1). Suppose t*j - 3*j + 49 = 5*y, -j + 3 = -y. List the prime factors of j.
2
Let d(b) = -b**2 - 28*b - 24. List the prime factors of d(-12).
2, 3, 7
Let q(t) = -2*t**2 - t + 5. Let z be q(-7). Let u = -25 - z. Suppose -5*j + u = 6. List the prime factors of j.
11
Suppose 2*d = 4*t + 6*d - 1604, 5*d + 15 = 0. Suppose 5*x = t - 39. List the prime factors of x.
73
Suppose 0 = -o - 1 + 236. List the prime factors of o.
5, 47
Suppose -2*y + 4 = -10. Suppose 0 = y*c - 2*c - 195. Let f = c - 19. What are the prime factors of f?
2, 5
Suppose -21*g + 21764 - 2864 = 0. List the prime factors of g.
2, 3, 5
Suppose -9*x = -5*x - 8. Suppose 0 = -v + 4*n - 3*n - 43, x*v = -2*n - 78. Let j = v - -77. List the prime factors of j.
2, 3
Let o be 6/(3 + 2 - 3). Suppose 2*s - 130 = -3*y, 3*y - 100 = -o*s + 7*s. List the prime factors of y.
2, 5
Suppose 0 = -2*g + 17 + 5. Let v(z) = 3*z**2 - 3*z - 2. Let x be v(4). Let p = x + g. List the prime factors of p.
3, 5
Suppose -4 = -3*x + 11. Suppose 6 = b - x. List the prime factors of b.
11
Let t = 61 - -174. List the prime factors of t.
5, 47
Let j(d) = 25*d**2 + 23. What are the prime factors of j(11)?
2, 3, 127
Let s(n) = 262*n + 130. List the prime factors of s(10).
2, 5, 11
Let p be (162/24)/(3/8). Suppose p*c - 17*c = 153. List the prime factors of c.
3, 17
Let k(i) = 25*i**2 + 5*i + 1. Let v be k(-1). List the prime factors of (1720/60)/(2/v).
7, 43
Suppose 0 = 5*f + 3*c - 298, 0*c + 236 = 4*f + 3*c. Let r = -59 + f. What are the prime factors of r?
3
Let a(l) = -l**3 - 14*l**2 + 5*l - 39. What are the prime factors of a(-17)?
743
Let d(i) = -i + 3. Let q be d(3). Suppose -j = -7 + 5. Suppose q = -j*y - 2*y + 80. List the prime factors of y.
2, 5
Let v(z) = 8*z**2 - 19*z - 5. What are the prime factors of v(9)?
2, 59
Suppose 25*r = 6*r + 6498. List the prime factors of r.
2, 3, 19
Let j(s) be the third derivative of s**6/120 + 3*s**5/20 - 13*s**4/24 - 5*s**3/3 - 3*s**2. Let b be j(-10). Suppose 40 + b = 5*v. List the prime factors of v.
2, 3
Let l = -8 + 26. Let c(r) = -r**3 - 10*r**2 + 11*r - 8. Let p be c(-11). What are the prime factors of ((-12)/9)/(p/l)?
3
Let t(n) = 4*n - 16. Let f be t(5). List the prime factors of f/(-10)*(-2 + -63).
2, 13
Suppose -3*i = -4*m - 0*m - 12, 16 = -5*m + 4*i. Suppose m = -4*a + 2 - 122. What are the prime factors of 88/(-6)*a/20?
2, 11
Let i = -10 - -16. Let g(t) = -t**2 + 16*t - 52. Let a be g(11). Let l = a + i. List the prime factors of l.
3
Let z = 204 + -72. What are the prime factors of z?
2, 3, 11
Suppose -5*y + 287 = 2*x, 2*y = -5*x + 135 - 16. Suppose g = 4*g - y. Suppose g = 4*m - 25. List the prime factors of m.
11
Let b(l) = -3*l + 51. What are the prime factors of b(-27)?
2, 3, 11
Let s(m) = m**3 - 10*m**2 + 11*m - 10. Suppose 0*n - 4*i = n + 3, 0 = 5*n - 5*i - 60. Let g be s(n). Let f = g + -3. List the prime factors of f.
5
Suppose -2095 = 31*v - 10310. List the prime factors of v.
5, 53
Let o(l) = -8*l + 1. Let u be o(2). Let z = 9 + u. Let v = z + 8. What are the prime factors of v?
2
Suppose x = 3*x - 1022. What are the prime factors of x?
7, 73
Suppose -3*f = 4*b - 1093, -f - f + 757 = -3*b. List the prime factors of f.
7, 53
Suppose 0*m - v = m - 59, -3*v = 5*m - 285. List the 